z + 0 + 6 = 0. Suppose z*q = q + 15. Suppose 0 = 4*d, q*f = -5*d + 10 + 8. What is the units digit of f?
6
Let j be 4*(-3 + (-13)/(-4)). Let z = j + 2. What is the units digit of z?
3
Let p = 11 - -230. What is the tens digit of p?
4
Let o be 2 + 1 - (-2)/(-2). Suppose -65 = -5*l + o*q + 3*q, -2*q = 5*l - 37. What is the units digit of l?
9
Let c = 8 + -6. What is the units digit of (17/c)/(3/6)?
7
Suppose -2*l + 138 = -76. What is the tens digit of l?
0
Suppose 0 = -2*k + 70 + 16. What is the units digit of k?
3
Let m(f) = 2*f**2 - 2. Let g be 0/4 - 2*1. What is the units digit of m(g)?
6
Let a = 8 - 5. Suppose -6 = -2*k, 8*x - 3*x + 4 = a*k. What is the units digit of x?
1
Let r(f) = -f**2 + 9*f - 5. Let j be r(7). Let c = j + -7. Suppose -3*d = -a - c, 4*d - 8 = a - d. What is the units digit of a?
7
Let f(g) = g**3 - 2*g**2 + g + 3. What is the tens digit of f(5)?
8
Suppose 0 = -2*p - 3*o, p - 4*p + o + 11 = 0. Suppose 75 = -0*v + p*v. What is the tens digit of v?
2
Let o(n) = 3*n**2 - 11. What is the units digit of o(-5)?
4
Let m(n) = -n**3 - n**2 + 9. Suppose 4*j - 5*j = 0. What is the units digit of m(j)?
9
Let x be 6/9*(-36)/(-1). Let g be (-16)/x - (-8)/(-6). What is the units digit of (16/10)/(g/(-20))?
6
Suppose 19*b - 26*b + 1897 = 0. What is the hundreds digit of b?
2
Let i(y) = -2*y**2 + 2*y - 3. Let p be 1 - 3/(0 + -3). Let b be i(p). What is the units digit of (-4)/b*14/4?
2
Let w(q) = 100*q**2 - q. Let y be w(-1). Let b = 141 - y. What is the tens digit of b?
4
Suppose 2*c - 47 = 79. What is the units digit of c?
3
Suppose 20 - 2 = -3*g. Let q(m) be the second derivative of -m**4/12 - 4*m**3/3 + 3*m**2/2 - 14*m. What is the tens digit of q(g)?
1
Suppose 2*k - 5*d = 21, -2*k + 4*d + 1 + 17 = 0. Let a(g) = 7*g. Let z be a(k). Suppose -n + 0*n = -4*y - 18, y = 3*n - z. What is the units digit of n?
6
Suppose -5*x = -29 - 1. Let p be (x/(-5))/((-8)/60). What is the units digit of (2 + 1)/(p/12)?
4
Let c(f) = -f**3 - 6*f**2 - 6*f - 3. Suppose -3*m = 6 + 12. What is the tens digit of c(m)?
3
Let z(r) = r + 7. What is the units digit of z(3)?
0
Suppose b + 3 = 4*f, 3*b - 2*f + 2 = 3. What is the units digit of ((-36)/10)/(b/(-5))?
8
Suppose 0 = o + 2*s + 10, 0*s - 2 = 2*o - 2*s. Let p = 12 - o. What is the tens digit of p?
1
Let p(y) = y - 7. Suppose 4*h + 7 = -5*c + 15, 2*c = h - 2. Let k be p(c). What is the units digit of 6/4 + k/14?
1
Let v = -19 + 18. What is the units digit of v/((-339)/(-114) + -3)?
8
Let u = 51 - 30. Suppose -2*i + 0*i - 6 = -2*o, 5*o - 3*i = u. What is the units digit of o?
6
Let p(g) = -g**2 + 12*g - 8. Let n be p(11). Let d(t) = t**3 - 3*t**2 + 2*t - 3. Let l be d(2). Let m = n - l. What is the units digit of m?
6
Let a(w) = w**3 + 7*w**2 - w + 9. Let n be a(-7). Let t(l) = l**3 - 3*l**2 + l - 3. Let b be t(3). Suppose 2*z + b*z = n. What is the units digit of z?
8
Let h = -22 - -25. Let c be (-1 - -2)/((-2)/(-2)). Suppose 11 = s + m, -2*s - 2*m + c = -h*s. What is the units digit of s?
7
Suppose 0 = -0*y + 3*y - 24. Let x = y - 5. What is the units digit of x?
3
Let k(v) = -v**3 - 2*v**2 + v + 53. What is the units digit of k(0)?
3
Let v(i) = -2*i. Let c be v(-2). Suppose 3*k = -j - j + 8, -4*j = -k - 16. Suppose -17 = -3*q - p - p, j*q - c = 2*p. What is the units digit of q?
3
Let h(d) be the first derivative of d**4/4 + 2*d**3 - d**2/2 + 6*d - 2. Let l be h(-5). Suppose w = 4*w - l. What is the tens digit of w?
1
What is the units digit of 6*(28/3)/7?
8
Suppose -7*o + 3*o = 0. Suppose -c + 2 = 2*u, 5*c + o*c = -2*u - 14. What is the units digit of u?
3
Suppose -13*h + 24 + 15 = 0. What is the units digit of h?
3
Let m(r) = 4*r**2 - 8*r + 17. What is the tens digit of m(4)?
4
Let a(i) = -53*i. What is the units digit of a(-4)?
2
Suppose -3*m = -w - m + 109, -4*m = -8. What is the units digit of w?
3
Let u be (1 - 7) + 0 + 0. Let w = -4 - u. What is the units digit of w?
2
Let y(l) = -6*l + 10. Let x = -8 + -2. Let z be y(x). Suppose c - z = -4*c. What is the tens digit of c?
1
Suppose -5*j = -z + 6*z - 200, -102 = -3*j + 3*z. What is the units digit of j?
7
Let s be (-2 - 0)/(6/81). What is the tens digit of 118/6 + 18/s?
1
Suppose -3*h + 27 = -0*h. Suppose 0 = -5*r + 29 - h, -2*z - 14 = -4*r. What is the units digit of 1/z - 2*-1?
3
Suppose -5*a = -3*u + u, 5*a = -3*u + 25. Suppose -u = -g - 4. What is the units digit of g?
1
Let q(u) = -u**3 + 7*u**2 - 4*u - 5. Let n be q(6). Suppose 1 = 3*c + n. Let o(r) = -2*r**3 - 3*r**2 - 2*r - 3. What is the units digit of o(c)?
5
Suppose -865 = -5*r - 0*r - 2*v, -865 = -5*r - 4*v. What is the tens digit of r?
7
Let p(i) = i**3 + 11*i**2 + 6*i - 5. What is the units digit of p(-9)?
3
Let o be 2/(((-2)/23)/(-1)). Let b = 37 - o. What is the units digit of 74/b - 2/7?
5
Let h = -8 - -13. Suppose 4*z = 0, 0*l - h*z + 8 = 2*l. Suppose b + 3*b = 3*o - 9, 0 = l*o + 4*b - 12. What is the units digit of o?
3
Suppose -4*f + 0*f = -5*p + 13, 3*p - 9 = 2*f. What is the units digit of ((-2)/f)/((-4)/216)?
6
Let p(s) be the first derivative of s**3/3 - s**2 - s + 1. Suppose g + 3*g = -4. What is the units digit of p(g)?
2
Let h(t) = 2*t + 3. Let z(m) = -7*m**2 - m + 1. Let d be z(1). Let g be h(d). What is the tens digit of 0 + g/(-1) - -2?
1
Suppose 5*z - 44 - 512 = -3*l, -z = 5*l - 120. What is the units digit of z?
0
Let w = -32 + 54. Let b be -1 + 1 - 14/(-7). Suppose 10 - w = -b*s. What is the units digit of s?
6
Suppose 0 = 3*w - 2 - 4. Suppose 3*u + 117 = w*v - 2*u, -5*v + 3*u = -245. Suppose -m - m = -v. What is the tens digit of m?
2
Let d(b) = 69*b**2 - b. What is the tens digit of d(1)?
6
Suppose 2*g - 5*c = 2 + 2, 6 = 3*g - 4*c. Let b be 3/g + (-1)/(-2). Suppose -2*u = -10, -2*o - 1 = b*o - u. What is the units digit of o?
1
Let c be (-4)/(16/12) - -44. Let m = -31 + 3. Let k = m + c. What is the units digit of k?
3
What is the tens digit of -213*(28/(-21) + 2/2)?
7
Let u = -9 - -59. What is the tens digit of u?
5
Let y(t) = -13*t - 1. Suppose -4*g - 6 = -2. Let v be y(g). Suppose 2*o + 4*c = 26, -2*c + v + 8 = 2*o. What is the units digit of o?
7
Let v(n) = -5*n**2 - 2 - n**3 - 3*n + 2 - 5. Let z be v(-4). Let y = 21 + z. What is the tens digit of y?
1
Let i = -28 - -30. What is the units digit of i?
2
Let j be (-2 - -5) + -1 + -17. Let t = 6 - 15. Let q = t - j. What is the units digit of q?
6
Suppose 172 = -3*k - k. Let x = 80 + k. What is the units digit of x?
7
Let k(a) = -15*a**3 - 6*a - 4. What is the tens digit of k(-2)?
2
Suppose x = 3 - 0. Suppose -11 = -4*c + x*c + 2*i, -3*c + 3*i + 18 = 0. Let g = 16 - c. What is the units digit of g?
5
Let z = 3 + 1. Suppose z*j + 24 = -0*c + 2*c, -5*j = c - 19. What is the tens digit of c?
1
Suppose 0*d - 4*d - 1 = c, 3*d - 3 = 0. Suppose -3*m + 2*m - 2*x = -11, 4*m - 47 = -5*x. Let k = c + m. What is the units digit of k?
8
Let g be (0/6)/((-4)/(-2)). Suppose 5*u + 0*u - 15 = g. Suppose 0 = u*p + m - 10, -20 = 2*p - p + 5*m. What is the units digit of p?
5
Suppose -2*f = -10 + 24. Let v = 16 + f. What is the units digit of v?
9
What is the tens digit of -3*1*14/(-2)?
2
Let z(n) be the first derivative of 4*n**3/3 + 3*n**2/2 + 3*n - 1. What is the tens digit of z(-2)?
1
Suppose -3*f + 1000 = 397. What is the units digit of f?
1
Let v(i) = i**2 + 7*i + 12. Let k be v(-5). Suppose z - 101 = -k*m, -2*z = -3*m - 4*z + 151. What is the units digit of m?
1
Suppose v - 87 = n, 3*v - 345 = -n - 88. What is the units digit of v?
6
Suppose -47 = -6*r + 301. What is the units digit of r?
8
Let b be (9/(-18))/((-1)/4). What is the units digit of 2*b*(4 + -3)?
4
Let y be 4/(-1)*92/(-16). Suppose -y = -3*t - 8. Let n = t + -3. What is the units digit of n?
2
Suppose 0 = -a - 2*a - 45. What is the units digit of 18/(-15)*a/2?
9
Let o(u) = -15*u**3 + 3*u**2 - 1. What is the units digit of o(-1)?
7
Let o(a) = a**3 - 3*a**2 + 2*a - 1. Let c be o(3). Suppose c*h + 19 = 69. What is the tens digit of h?
1
Suppose -3*u + 5*v = 75 - 19, u + 14 = -3*v. Let z = u + 36. What is the units digit of z?
9
Suppose 4*x + 0*x = 0. Suppose 5 = d - x. Suppose -d*n + n + 28 = 0. What is the units digit of n?
7
Let v be 48/(-9) + (-2)/3. What is the units digit of (-16)/v + (-4)/6?
2
Let t(u) = u**3 + u**2 - u + 4. Let j be (0/1)/(-3 + 1). What is 